uppose 2*k - 370 - 224 = 0. What is the highest common factor of k and p?
27
Let k be 152/10 - (-1)/(-5). Let c(o) = 3*o - 9. Suppose q + 3*q - 32 = 0. Let z be c(q). Calculate the greatest common divisor of k and z.
15
Let o(s) = -s**2 - s + 40. Suppose -4 + 9 = -m. Let r be (0/(-1))/(m + 4). Let h be o(r). What is the highest common divisor of h and 16?
8
Suppose 5*u = -22 + 557. Suppose -5*m = -13 - u. Calculate the highest common divisor of m and 60.
12
Let n = -35 + 107. Let z be 9/1*26/(-6). Let a = 57 + z. Calculate the greatest common divisor of a and n.
18
Let o(n) = 2*n + 2. Let m be o(9). What is the greatest common factor of 50 and m?
10
Let s(x) = x**2 + 13*x + 6. Let p be s(-14). What is the greatest common divisor of p and 5?
5
Let r(p) = -3*p + 3. Suppose 2*w = w - 5. Let t be r(w). Let g = -91 + 103. Calculate the greatest common divisor of g and t.
6
Let h = -18 - -43. Suppose 7 - h = -i. Suppose -2*b = -i - 30. Calculate the greatest common divisor of 4 and b.
4
Let y(b) = -18*b**3 - 1. Suppose 0 = -2*v + 1 - 3. Let n be y(v). Calculate the highest common factor of n and 17.
17
Suppose 4*u - 5*r = 6 - 19, 0 = 3*u + 3*r - 24. Let n be 2/u - 122/(-6). What is the greatest common divisor of n and 189?
21
Let g(c) be the second derivative of -c**5/5 - c**3/3 - 2*c**2 + c. Let u be g(-3). Let x = -21 - -31. Calculate the greatest common factor of u and x.
10
Suppose -o = -3*o + 16. Suppose o = -y + 2. Let n be (-101)/(-3) - 2/y. What is the greatest common factor of 51 and n?
17
Suppose 0 = -d - 3*d - 4, -5 = 3*z - 4*d. Let w be z*(2 + 26/(-6)). Let y = w + 3. What is the highest common divisor of 25 and y?
5
Suppose 0*j = l + 4*j + 20, -25 = 5*l - 5*j. Let c(q) = q**3 + 9*q**2 + 9*q + 10. Let b be c(l). Calculate the highest common divisor of 6 and b.
2
Let b = -103 + 49. Let l = -36 - b. Suppose 4*g + 5*i - i = 580, 4*i = -3*g + 436. Calculate the highest common factor of l and g.
18
Let w be 2 + 0 + 87/3. Let a = w + 12. Suppose 2*d + 11 - a = 0. What is the highest common factor of 24 and d?
8
Let f be (-2)/4*(-5512)/13. Let l = -112 + f. Calculate the highest common factor of l and 20.
20
Suppose 0 = 2*k + j - 9, 0*k + 15 = 4*k + 5*j. Suppose -63 = -k*n + 47. Let u be (-9)/2*(-132)/9. What is the highest common divisor of u and n?
22
Suppose -2*c + 196 = -k, -4*k = -5*c + k + 490. Calculate the highest common factor of 14 and c.
14
Suppose -1840 = -8*j - 104. Calculate the highest common factor of j and 31.
31
Suppose 266 = 5*d - m, 0*m + 3*m = 3*d - 150. What is the highest common divisor of 18 and d?
18
Let y(x) = x**3 - 3*x**2 - 3*x - 4. Let j be y(4). Let s = j - -6. Calculate the highest common divisor of s and 2.
2
Suppose -4*z + 215 = 55. What is the highest common divisor of z and 16?
8
Let f = -792 + 1144. What is the greatest common factor of f and 32?
32
Let w = 1 + 0. Let c(r) = -5*r. Let k be c(-1). Let b = k + w. Calculate the highest common factor of b and 4.
2
Suppose 6*j - 484 = 236. Calculate the greatest common factor of j and 24.
24
Let y = 30 - 3. Let l = 32 - 14. What is the highest common factor of y and l?
9
Let m be (-5 + 3)*(-9)/2. What is the greatest common divisor of m and 63?
9
Let u be (11/(-2))/(9 - (-76)/(-8)). Calculate the highest common divisor of 55 and u.
11
Let q = -27 + 42. Calculate the greatest common divisor of 45 and q.
15
Let k = -3 - 1. Let o = -6 - k. Let g be o/(-6) + 527/3. Calculate the highest common factor of 16 and g.
16
Let a(q) = 3*q**2 - 6*q - 5. Let i(n) = 5 + n - 4 + 2 - 4 - n**2. Let z(b) = a(b) + 2*i(b). Let l be z(7). Calculate the greatest common divisor of l and 2.
2
Let r be (-3 + 2)*1*6. Let l be r/(-3) + -2 - -5. Suppose 156 + 339 = l*h. Calculate the highest common divisor of 11 and h.
11
Suppose 0*k + k = 5. What is the greatest common factor of k and 15?
5
Let s be 62 - (-2 + 0)*-1. Suppose p = -p + s. Suppose x + p = 6*x. What is the greatest common divisor of x and 36?
6
Let a = 0 - 0. Let z = a - -10. Calculate the highest common divisor of z and 40.
10
Suppose x + 2*h - 76 = 0, -2*x + 4*h = -29 - 91. Let b = x + -40. What is the greatest common factor of b and 14?
14
Suppose -3*q = 4*f - 24, 0 = -5*q - 7*f + 3*f + 32. Suppose s + t - 149 = 6*t, -s = -q*t - 148. Calculate the greatest common factor of 18 and s.
18
Let m(w) = 7*w**2 + 2*w - 3. Let r be m(-3). Let f = -9 - -45. Calculate the highest common divisor of f and r.
18
Suppose -39 = -j - 6. Let d be 357/33 - 18/(-99). What is the highest common divisor of j and d?
11
Let m = 212 - 168. What is the highest common divisor of m and 4?
4
Let v = -53 + 69. Calculate the highest common divisor of 160 and v.
16
Let t = -15 - -21. Let o be 4/t + 75/9. What is the highest common factor of 54 and o?
9
Suppose -p + 73 = -107. What is the highest common factor of p and 36?
36
Suppose 1 = 3*h - 2. Let g(w) = w - 1. Let y be g(1). Suppose -c = -11 - y. What is the greatest common divisor of h and c?
1
Let a be 6/(-30) - (-1322)/10. Suppose b + 6*g - g - 37 = 0, 4*g = 4*b - 28. What is the highest common factor of b and a?
12
Let z be 13*(-4 + 4 + 0 + 1). Calculate the greatest common divisor of z and 13.
13
Let m = 96 - 83. Calculate the highest common divisor of m and 26.
13
Let v be 6/(1 + (-2)/8). Let k = -401 - -49. Let g be (6/(-4))/(6/k). Calculate the greatest common divisor of v and g.
8
Let w = 39 + -9. Suppose 4*g = 2*g + w. Calculate the highest common factor of g and 150.
15
Suppose -j + 0*j = -4. Suppose 0 = j*i - 205 - 263. Calculate the highest common divisor of i and 13.
13
Let b be (-9)/(-36) + (-105)/4. Let s = 30 - b. What is the highest common factor of 8 and s?
8
Suppose 5*b - 31 - 4 = 0. Suppose 4*h = -0*h + 196. What is the greatest common factor of b and h?
7
Let s(t) = 43*t - 15. Let x be s(5). Calculate the greatest common factor of x and 25.
25
Let z = 3 + -3. Suppose -5*y + z*r - r = -38, -5*r - 10 = 0. Calculate the greatest common factor of 88 and y.
8
Suppose -4*p + 31 + 33 = 0. What is the highest common divisor of p and 8?
8
Suppose -5 = -i - 0*i. What is the greatest common divisor of i and 10?
5
Let r(u) = u - 6*u + 2 - u**2 + u. Let d be r(-3). Calculate the greatest common factor of d and 45.
5
Suppose 0 = -4*d + 4*j + 16, 3*d - 5*d = 3*j - 3. Let r(h) = h**3 - 5*h**2 + 4*h + 1. Let w be r(4). Calculate the highest common divisor of w and d.
1
Let s = 55 + -22. What is the highest common divisor of s and 33?
33
Suppose 3*z - 195 = -5*p, 79 = 2*z + 2*p - 47. What is the greatest common factor of z and 15?
15
Let u(c) = 3*c + 44. Let w be u(-7). What is the highest common factor of 92 and w?
23
Let t = -6 + 6. Let c be 1/1 + (1 - t). Suppose -c*j = -0*j - 14. What is the greatest common factor of 7 and j?
7
Let k = -8 - -4. Let l = 10 + k. Calculate the highest common divisor of l and 3.
3
Suppose -41 = 4*a - 265. Let p be (a/(-5))/((-1)/5). Suppose 0 = 3*c - 0*c - 24. Calculate the highest common factor of p and c.
8
Let h be ((-72)/45)/((-1)/(-5)). Let o be h*(-3)/(-24)*-22. What is the highest common factor of 2 and o?
2
Let i be 4/(-10) + 448/20. Let r = -8 + i. Let f = r - 7. Calculate the greatest common divisor of 1 and f.
1
Let y(p) = -p**3 + 3*p**2 + 2*p - 4. Let a be y(3). Let z be 22/((8/78)/2). Suppose 0 = -a*h + 5*h - z. Calculate the highest common divisor of 13 and h.
13
Let w be 2*(-1)/(-2) + 2. Suppose 63 = 4*a - 0*k + w*k, 4*a + 4*k - 68 = 0. What is the greatest common factor of a and 3?
3
Let t(q) = q**3 - 6*q**2 - 7*q + 10. Let s be t(7). Let l = s - 2. What is the highest common factor of 32 and l?
8
Let o be ((-20)/(-6) - 3)*15. Let y(q) = q**3 - 4*q**2 - 5*q + 5. Let f be y(o). Let g = 10 + f. What is the greatest common divisor of g and 3?
3
Let u be 0 - -1 - (2 - 5). What is the greatest common factor of 10 and u?
2
Suppose -a + 42 = 3*o, -3*a + 178 = -5*o - 4. Let k be 9/6*(-12)/(-2). Let v be 4/3*k/2. What is the highest common factor of v and a?
6
Suppose -14 = -l - 2*c, 7 = 3*l - 4*c + 3*c. Suppose 4*q + 4*b + 4 = 0, -3*b - l = 4*q - 3. What is the highest common divisor of q and 8?
2
Let w(u) = 15*u - 15. Let r be w(3). What is the highest common divisor of 6 and r?
6
Let d(q) = -5*q**3 + 4*q**2 + 4*q + 2. Let p be d(-2). Let b be ((-40)/p)